*2 - 2 - 4*q**2 + q**3 + 3*q - 2. What is g(h)?
23
Let o = 37635 - 37634. Let z(l) be the third derivative of -l**5/10 + l**4/24 + l**2. Calculate z(o).
-5
Suppose -2*n - n = 3*c - 30, -5*n + 4*c = -86. Let s be 6/n - ((-240)/(-21) + -1). Let b(a) = 3 - a + 2*a + 3. Give b(s).
-4
Let f(w) = -w**3 - 7*w**2 + w - 41. Let a be (2/(-14) + ((-936)/(-56))/(-9))*4. Give f(a).
15
Let c(b) = -4*b - 12. Suppose -45*t = -123*t - 468. Determine c(t).
12
Let t(y) = -y**3 + 8*y**2 + 5*y + 26. Let c = -7084 - -7093. What is t(c)?
-10
Suppose 240*n = 224*n - 48. Let i = 8 + -5. Let z(j) = -8*j**2 - 1 - i*j - 6*j**2 + 12*j**2. What is z(n)?
-10
Let s(y) = y**3 + 4*y**2 - 3*y + 8. Suppose -278 + 47 = 93*q + 234. What is s(q)?
-2
Let g(p) = p - 1. Let q be g(9). Suppose 2*j = q*j - 30. Suppose 5*a = 4*o - 33, -j*a + a - 22 = -o. Let m(z) = z**2 + 4*z + 6. Give m(a).
11
Let r(q) = -29 - 82 - 110 + 13*q + 64. Calculate r(11).
-14
Let g(s) = 2*s**2 + 18*s - 1. Let b(r) = -21*r**2 - 205*r + 3. Let i(t) = b(t) + 11*g(t). Let y(k) = -k**2 + 7*k - 4. Let j be y(4). Calculate i(j).
0
Let f(k) = -k**3 - 17*k**2 - k - 11. Let u be f(-17). Suppose -u*a + 194 = -406. Let b = a + -97. Let l(o) = -o**3 + 2*o**2 + 5*o - 2. What is l(b)?
4
Let c(s) = s**2 + 39*s + 329. Let v be c(-26). Let y(g) = 9 + 6*g**3 + 3 - 9*g**2 - 7*g**3 + g. What is y(v)?
3
Let v(i) = -3*i**2 - 20*i - 35. Let a be ((-2)/(-6))/((-48)/288). Calculate v(a).
-7
Let z(w) = w - 2. Suppose 2 = -5*c + 82. Let f be c/104 + 205/(-65). Give z(f).
-5
Suppose 0 = 3*d + 4*j - 403, -j = -34 + 36. Let k(w) = -w + 6 - d*w**2 - 25*w**3 + 148*w**2 + 26*w**3. Give k(-11).
17
Let r(w) = 3*w**3 + 16*w**2 + 14*w - 25. Let y(t) = -4*t**3 - 16*t**2 - 13*t + 25. Let s(d) = -5*r(d) - 4*y(d). Determine s(17).
8
Let y(z) be the second derivative of 1/2*z**2 - 3/4*z**4 - 147*z + 0*z**3 + 0. Give y(-1).
-8
Let c(k) = -k**3 - 9*k**2 + 10*k - 10. Let j = -2551 + 2541. Determine c(j).
-10
Suppose 11*a + 5 = 6*a. Let o(z) = -41*z - 4. Let m be o(a). Let y(n) = -19*n**2 + m*n**2 - 17*n**2. Give y(-1).
1
Let q(p) = 9*p - 29. Let u(b) = 19*b - 48. Let g(x) = 7*q(x) - 3*u(x). Give g(9).
-5
Let v(q) = q**2 + 13*q + 8. Let g(o) = o**2 + 3*o - 20. Let r be g(6). Suppose 23*n = r*n + 132. Calculate v(n).
-4
Suppose 5*z - 3*r = 6 + 9, -2*z - 25 = 5*r. Suppose z = -7*x + x. Let t be -2 + x + 2 + (-1 - -6). Let q(v) = v + 5. Determine q(t).
10
Suppose 0 = 2*p - 0*s + 4*s - 16, -5*p - 3*s = -12. Suppose p = -18*c + 12*c - 642. Let k = -102 - c. Let j(z) = -z**3 + 6*z**2 - 5*z - 4. Give j(k).
-4
Suppose 0 = 7*a - 12*a + 125. Suppose -3*z - a = -2*m - 10, 15 = -5*m - 3*z. Let h be (-27)/3 - m/(-2). Let c(f) = -f**3 - 10*f**2 - 8*f + 8. Calculate c(h).
-1
Suppose -9*m = -16*m. Let d(c) be the second derivative of -c**5/20 + c**4/12 - c**3/6 + 23*c**2/2 - 11*c. What is d(m)?
23
Let m(h) = 15*h + 437. Let a be m(-29). Let n(s) = -s**3 - s**2 + 4*s + 1. Let f be n(-3). Let y(p) = -6 - 4*p + f - 5*p + 1. Determine y(a).
-16
Let i = -4 + 4. Let s = i + -3. Let j(z) = 3*z + 20 - 8 - 55*z**2 - 15 + 56*z**2. Determine j(s).
-3
Suppose -x = y + 2, -5*y + 1 - 19 = x. Suppose x*w + 3*v = 17, -2*w - 23*v = -19*v - 16. Let r(u) = u**2 - 10*u - 11. What is r(w)?
-11
Let k(t) = -133*t + 928. Let z = -19275 - -19282. Give k(z).
-3
Let y be ((-8)/6)/(2/12). Let d = -326 + 342. Let c(a) = -a**2 - d + 12 + 3 - 9*a. Give c(y).
7
Let m be 5 - 1 - (-45)/15. Let w(p) = 4*p + 20. Let b(z) = 3*z + 14. Let u(q) = m*b(q) - 5*w(q). Determine u(4).
2
Suppose -16 = -g - 5*k, 26 = 3*g + 4*k + 22. Let x(w) = -w**3 - 3*w**2 + 4*w + 3. Calculate x(g).
3
Let i(m) = -m**3 - 23*m**2 - 33*m - 37. Let u be i(-22). Let w(a) = -3*a + 0*a**2 - a**2 + 208 - u. What is w(-5)?
-7
Let f = 133 - 56. Let l = -1934 + 2009. Let z = f - l. Let x(o) = 7*o - 3. Give x(z).
11
Let g(u) be the first derivative of u**3/3 + u**2 - 3*u + 15. Determine g(-10).
77
Let v(r) = 43 - 3*r - r - 32 + 5*r. Let t be (1 - -1)/(-1 - (2 + -4)). Suppose -t*m + 12 - 12 = 0. What is v(m)?
11
Suppose -22721*x + 22730*x = 0. Let c(d) = 8*d + 32. Give c(x).
32
Let t(z) = -z**2 - 2*z. Let u = 34 + -30. Suppose 2*f - 3*a + 2 = -1, 2*a = 6. Suppose 0*g + 2*g - 2*n + u = 0, -f*g = 5*n - 2. Determine t(g).
1
Let p(k) = -k - 2. Let m(h) = h**2 - 2. Let n be m(2). Let w(i) = 12*i**2 - 22*i. Let f be w(n). What is p(f)?
-6
Suppose 5435*n + 8 = 5433*n. Let y(p) = 6*p**2 + 4*p - 7. What is y(n)?
73
Suppose 5*g - 17 = -3*b, -3*g - 2*b - 2*b + 8 = 0. Let q(h) = 4*h - 8 - 5*h**2 + 2 + g*h**2. Let x = -800 - -804. Determine q(x).
-6
Let t be ((-12)/30)/((-3)/(-30)). Let x(c) = -3*c**2 - c + 2. Let h(d) = -4*d**2 - d + 2. Let a(w) = t*h(w) + 5*x(w). What is a(3)?
8
Let f(z) = -5*z**2 - 76*z - 238. Let y be f(-11). Let r(d) be the second derivative of -d**4/12 - 7*d**3/6 + d. What is r(y)?
0
Let u(z) = z**2 - 22*z + 54. Suppose -14*f + 283 = 17. Let a be u(f). Let c(y) = -y**3 - y**2 - 2. Determine c(a).
16
Suppose -5*s - 8 - 22 = 0. Let f(h) = -45*h - 659. Let n(x) = -14*x - 206. Let j(l) = -5*f(l) + 16*n(l). Give j(s).
-7
Let g(o) = -9*o**2 + 129*o - 61. Let y(u) = 4*u**2 - 56*u + 30. Let s(t) = 6*g(t) + 13*y(t). What is s(24)?
-24
Suppose 2*p + x = -5, -2*x + 1 - 5 = p. Let a(f) = 7*f - 4. Let n(m) = m. Let k(j) = p*a(j) + 6*n(j). Give k(6).
-40
Let h(d) = d**2 - 7*d - 13. Let k be h(-2). Suppose -q + k*q - 12 = 0. Let l(v) = -v**q + 0*v**3 + v + 1 + 8*v**2 + 0*v**3 - 8*v. Calculate l(7).
1
Let a(f) = f**2 + 41*f + 150. Let z be -19*2 + (-80)/48*(-3)/5. Give a(z).
2
Let g = -16 - -13. Let d(w) = 2*w - 48*w**3 - 84*w**3 - 1 + 4*w**2 + 3*w**2 - 3*w**2 + 133*w**3. Give d(g).
2
Let z(j) = j**2 - 5*j + 5. Suppose 0 = 75*w + 73*w. Calculate z(w).
5
Let u(r) = r**3 + 6*r**2 + r - 12. Suppose -245*z + 262 = 1493 - 6. What is u(z)?
8
Let a(y) = y**2 - 7*y - 1. Let m = 18 - 10. Let t be 17 + -2 + 32/m. Let w = -13 + t. Give a(w).
-7
Let j(t) = -55*t - 43. Let n be j(-1). Let g(v) = -v + 5. What is g(n)?
-7
Let q(t) = -402*t - 364*t + 24*t**2 + 764*t + 25*t**2 - 2. Determine q(-1).
49
Let y(q) = -2*q**2 + 17*q - 28. Let k be y(6). Suppose -3*h + 15 = -u, -5*h - k*u = 3*u - 25. Let b(m) = m**3 - 5*m**2 + m + 6. Give b(h).
11
Let y(k) = -5*k - 1. Let m be ((-2)/(-8) + 17/204)*45. Let i be (-14)/(-35) + 24/m. Suppose -i = 4*a + 6. What is y(a)?
9
Suppose 0 = -y - 4*g + 2, 3*g = -5*y - 2 + 29. Let i(p) be the third derivative of -p**5/60 + 5*p**4/24 + 8*p**2. What is i(y)?
-6
Let t = -10788 + 10786. Let g(v) = 41*v - 6. Give g(t).
-88
Let m(i) = i**2 - 16*i + 41. Let h(w) = -2*w**2 + 28*w - 40. Let s(t) = 3*h(t) + 4*m(t). What is s(12)?
-4
Suppose 23 = -305*j + 282*j. Let f(q) = 28*q**3 - q**2. Give f(j).
-29
Suppose 0 = f + 11 - 9. Let b be 4/(-6)*9/f. Let w(l) = b*l**3 + 109 - l - 109. What is w(1)?
2
Let q(r) = -r**2 - 30*r + 41. Let d(g) = 36*g + 185. Let y be d(-6). Determine q(y).
10
Suppose -124*n = -515 + 19. Let b(w) = -10*w + 13. Determine b(n).
-27
Suppose 6*m = 80*m - 444. Let a(n) = -3*n**2 + 12*n + 3. Give a(m).
-33
Let j(b) = 3*b**3 + 2*b**2 - 8*b + 6. Let o be j(1). Let p(s) = 10*s**2 + 0*s**3 - 24*s**2 - 9 + 24*s**2 + s**3 - 9*s - 2*s**o. Calculate p(9).
-9
Let c(p) = -p. Let f(g) = 6*g + 2. Let j(y) = -y**2 + 4*y + 222. Let w be j(17). Let o(s) = w*f(s) + 5*c(s). What is o(10)?
12
Let w = -28 + 24. Let c(u) be the third derivative of -u**4/24 - 2*u**3/3 - 23*u**2. Determine c(w).
0
Let i(q) = 54*q + 7. Let b(g) = -15*g + 3. Let n(u) = 6*b(u) + 2*i(u). Calculate n(-2).
-4
Let u(w) = -w**3 + 5*w**2 + 21*w + 32. Let q be u(8). Let m(j) = 20 + q - j**3 - 364*j - 359*j + 722*j. Calculate m(0).
28
Let u(g) = 33*g + 27*g - 88*g + 55 + 23*g + 70. Calculate u(26).
-5
Let v(j) = 1189*j + 167657. Let t be v(-141). Let l(b) = 0 + 0 - b. Calculate l(t).
-8
Let j(p) be the second derivative of -p**5/20 - 2*p**4/3 - 7*p**3/6 - 13*p**2/2 - 14*p + 13. What is j(-7)?
-13
Suppose 3*h = 160 - 157. Let r(t) be the first derivative of -7/2*t**2 - h + t. Give r(1).
-6
Suppose 126 = 21*r - 84. Let k(q) = -q**3 + 10*q**2 + 3*q - 24. Calculate k(r).
6
Let a(s) = -2*s**2 - s + 4. Suppose -3*n = -0*n - 1065. Let h = 357 - n. Determine a(h).
-6
Let w be (-18)/(-5) + (-72)/(-180). Suppose -2*d + 10 = -2*p, 5*p + w*d = -0*d - 25. Let t(q) = q**3 + 6*q**2 + 6*q - 